to base 4
-10300000303
Convert -92104c (base 13) to base 12.
-1180224
What is 3609656 (base 10) in base 14?
69d688
What is -2544510 (base 7) in base 4?
-1100231001
What is 13255414 (base 7) in base 14?
23c10b
10000111000111001010011 (base 2) to base 16
438e53
522044 (base 7) to base 16
15dd3
What is 40201100 (base 5) in base 8?
1156664
Convert -44332131 (base 5) to base 14.
-a0c21
What is 9222552 (base 11) in base 4?
332023030011
24314568 (base 9) to base 14
1813013
122a92 (base 13) to base 16
6a1ba
11211111130 (base 4) to base 11
90a726
What is -2449ed (base 15) in base 9?
-3236637
What is -1210200222210 (base 3) in base 4?
-3222002211
Convert -1099a2a (base 11) to base 16.
-1d3e87
287185 (base 13) to base 5
223033411
What is -15d498 (base 16) in base 7?
-15106036
Convert -442340 (base 7) to base 8.
-227575
What is 434313330 (base 5) in base 11?
1067925
Convert -20312332002 (base 4) to base 2.
-1000110110111110000010
Convert -157085 (base 16) to base 2.
-101010111000010000101
What is a6e0a (base 16) in base 11?
427601
111035421 (base 6) to base 14
3a4dc9
Convert -132432242 (base 5) to base 4.
-2203303203
24262686 (base 9) to base 5
11013214223
What is 115a7ba (base 12) in base 9?
6275747
What is -1202022011010 (base 3) in base 14?
-1a3432
What is -bdd3 (base 15) in base 14?
-1094c
What is 74aed (base 16) in base 5?
110243213
Convert 1b48c (base 16) to base 7.
643551
What is 160404320 (base 7) in base 5?
10224243240
Convert a1b4 (base 15) to base 4.
20111200
What is -1102101124 (base 6) in base 15?
-1093a2d
What is 22022311030 (base 4) in base 5?
1140301204
Convert -233b0c (base 13) to base 4.
-3030101323
What is 877778 (base 13) in base 6?
152150152
Convert 111101011110100011110 (base 2) to base 14.
3a6206
What is -320020200 (base 4) in base 9?
-380346
Convert -2605514 (base 9) to base 14.
-28dd31
8983 (base 16) to base 8
104603
Convert -392122 (base 10) to base 9.
-656801
Convert -100101001101100101110 (base 2) to base 5.
-303004444
What is -44e59 (base 15) in base 5?
-24003414
Convert 125861 (base 11) to base 10.
198023
3614440 (base 8) to base 10
989472
Convert 60613d (base 15) to base 16.
45d60f
Convert -dcf9af (base 16) to base 5.
-12201404324
Convert -101201100020002 (base 3) to base 9.
-11640202
422432 (base 5) to base 8
33445
Convert 1127442 (base 8) to base 4.
1022330202
-10c3b9 (base 15) to base 3
-1111200101110
Convert -75443 (base 9) to base 3.
-2112111110
Convert -12201222122 (base 3) to base 11.
-77984
What is 1043430402 (base 5) in base 7?
25531122
Convert 1b048 (base 12) to base 3.
2000121002
What is -290b61 (base 15) in base 11?
-113033a
Convert -dd19f (base 16) to base 12.
-378113
Convert -310421 (base 9) to base 8.
-547363
Convert 1e10c (base 15) to base 11.
67793
24412 (base 7) to base 15
1d54
Convert 1882 (base 12) to base 7.
11453
Convert -12211110202 (base 3) to base 12.
-56525
Convert 74498 (base 11) to base 7.
631020
-3536323 (base 7) to base 4
-1230333013
633b0 (base 16) to base 4
1203032300
-6101535 (base 7) to base 10
-723315
Convert -62342 (base 7) to base 12.
-8a05
Convert 53166 (base 11) to base 6.
1354143
Convert 57164 (base 8) to base 12.
11bb0
What is -2493b (base 12) in base 14?
-1419d
Convert 20022020211 (base 3) to base 12.
5b9aa
What is -101110000101111101111011 (base 2) in base 12?
-4068623
What is -3466755 (base 8) in base 4?
-3212313231
Convert c3208e (base 16) to base 6.
1134031010
-281314 (base 16) to base 9
-4842567
-200002301 (base 4) to base 2
-100000000010110001
What is -1000000110001010001111 (base 2) in base 6?
-113253503
1554009 (base 11) to base 10
2655354
-11101011101010101 (base 2) to base 12
-599b1
Convert 15ba5a (base 12) to base 3.
200221200221
What is -13b7ab (base 14) in base 16?
-a72eb
What is 11030100210 (base 4) in base 14?
275d76
Convert -20311130 (base 5) to base 6.
-3322235
2846a39 (base 13) to base 4
300221203212
What is 12121120201 (base 3) in base 11?
76028
69b37 (base 15) to base 8
1221414
-75d11a (base 16) to base 11
-43a40a1
What is 7a59b (base 12) in base 11?
101739
-716a39 (base 11) to base 3
-2011111012101
Convert -2211001201 (base 3) to base 6.
-1104414
What is -12120020020121 (base 3) in base 12?
-ba728a
What is 220701 (base 8) in base 4?
102013001
-897284 (base 10) to base 15
-12acde
What is -484734 (base 9) in base 7?
-2324614
Convert 2304402443 (base 5) to base 16.
4ea2da
What is 23482 (base 9) in base 10?
15707
Convert -1b7c183 (base 14) to base 5.
-12004412001
Convert -546350 (base 9) to base 8.
-1175007
What is -4344555 (base 6) in base 12?
-a515b
-151884 (base 9) to base 8
-266173
Convert -13046 (base 10) to base 12.
-7672
-6143166 (base 7) to base 3
-1101021002010
-477751 (base 8) to base 13
-59744
Convert -3461736 (base 9) to base 7.
-21622302
Convert 21031244 (base 5) to base 16.
2a77d
Convert -11200134 (base 5) to base 14.
-28660
Convert 21a93a3 (base 13) to base 9.
21385335
-700ad0 (base 14) to base 8
-16275176
-116524232 (base 7) to base 15
-9ad048
What is 420143 (base 7) in base 3?
10122220202
dd92 (base 14) to base 12
1a238
9d6b8 (base 14) to base 4
1131130202
What is 2310310031 (base 4) in base 14?
153c97
Convert a98032 (base 13) to base 4.
33031202030
34558 (base 13) to base 14
26a97
3235203 (base 6) to base 5
20114223
What is -11562611 (base 7) in base 10?
-1040621
Convert -1203522 (base 7) to base 14.
-3d849
Convert -1221001110 (base 3) to base 7.
-215430
What is 775b1 (base 13) in base 16?
34ce7
-420040442 (base 5) to base 14
-32b472
What is 5352620 (base 7) in base 12?
275155
b57ed (base 16) to base 4
2311133231
Convert -3521460 (base 7) to base 8.
-1537775
-2b69d2 (base 16) to base 5
-1212021023
Convert 46d839 (base 14) to base 4.
21032212023
Convert 221885 (base 12) to base 7.
4415342
-acb866 (base 13) to base 14
-7834ad
-168474 (base 11) to base 16
-3f80e
What is -5a463a (base 11) in base 3?
-1210122210112
Convert -8c0059 (base 16) to base 11.
-51a7457
8421c (base 14) to base 7
2465135
1112263 (base 8) to base 11
19560a
Convert -40110440 (base 5) to base 13.
-b1002
What is -1220136 (base 7) in base 11?
-a7347
What is 2101110222020 (base 3) in base 15?
1a10b3
Convert -2370862 (base 10) to base 15.
-31c727
-3242042320 (base 5) to base 3
-111010222122120
Convert -2123401 (base 7) to base 16.
-3f055
-22032033032 (base 4) to base 8
-12161716
-20210102121 (base 3) to base 16
-20a58
5360001 (base 8) to base 12
591769
Convert -69172a (base 11) to base 5.
-240202120
What is 186a2 (base 11) in base 12?
13153
What is 121665 (base 11) in base 3?
100210000012
What is 10c8cc (base 15) in base 13?
220ca1
Convert 4376a (base 12) to base 10.
89218
4369a78 (base 11) to base 10
7670517
What is 100202110111 (base 3) in base 9?
322414
Convert 8588576 (base 9) to base 15.
60e92c
What is -1334766 (base 10) in base 14?
-26a606
Convert -101110001110001110 (base 2) to base 12.
-91692
Convert 415ba (base 15) to base 11.
131721
Convert 646324 (base 9) to base 14.
a0529
-1b80a3 (base 12) to base 16
-77d7b
Convert 1a334b (base 13) to base 5.
132222224
806912 (base 13) to base 6
143551422
What is -23322200 (base 5) in base 13?
-76575
Convert 1521302 (base 6) to base 9.
144302
What is 11001100111100001 (base 2) in base 15?
21154
3b0ab (base 14) to base 2
100011100010101111
What is -646606 (base 7) in base 12?
-55344
Convert -16600b2 (base 12) to base 13.
-c524a5
10bd681 (base 14) to base 3
120000212221121
Convert 1001110000101100110 (base 2) to base 9.
536664
What is -1aad6 (base 15) in base 14?
-238dc
What is -26752132 (base 8) in base 7?
-102103410
317aa (base 12) to base 4
33320302
Convert 157446b (base 12) to base 13.
ba5c18
What is 2161655 (base 8) in base 12?
241179
What is -664698 (base 12) in base 14?
-30444c
30233 (base 16) to base 12
9612b
-2214314331 (base 5) to base 12
-1754224
-2002440134 (base 5) to base 4
-33010332200
Convert -400c90 (base 14) to base 11.
-1241187
What is 1588682 (base 13) in base 14?
cc596a
50322500 (base 6) to base 2
101011100001100100100
What is -212352253 (base 6) in base 9?
-7064556
Convert 1144323143 (base 5) to base 4.
22122131012
Convert -3777a04 (base 11) to base 12.
-224152a
Convert 11010201110100 (base 3) to base 9.
4121410
-22032210 (base 5) to base 8
-562360
What is -221032313 (base 6) in base 4?
-33021102111
-1406452 (base 7) 